{"id":188,"date":"2014-07-10T07:15:52","date_gmt":"2014-07-10T06:15:52","guid":{"rendered":"http:\/\/www.sospermisapoint.fr\/blog\/?p=188"},"modified":"2016-03-03T10:45:05","modified_gmt":"2016-03-03T09:45:05","slug":"stage-recuperation-de-points-pas-cher","status":"publish","type":"page","link":"https:\/\/www.sospermisapoint.fr\/permis-a-points\/stage-recuperation-de-points-pas-cher\/","title":{"rendered":"Stage de r\u00e9cup\u00e9ration de points pas cher"},"content":{"rendered":"<p>Le plus souvent, lorsque l\u2019on recherche un <strong>stage permis \u00e0 points<\/strong>, l\u2019intention premi\u00e8re est de trouver un <strong>stage de r\u00e9cup\u00e9ration de points pas cher<\/strong>. Internet est effectivement l\u2019outil id\u00e9al pour comparer les prix des diff\u00e9rents prestataires qui organisent des stages de rattrapage de points du permis de conduire.<\/p>\n<p>Il faut savoir que les stages de sensibilisation \u00e0 la s\u00e9curit\u00e9 routi\u00e8re ne sont pas organis\u00e9s par l\u2019\u00c9tat, ce sont des entreprises priv\u00e9es qui, ayant obtenu un agr\u00e9ment de la part de l\u2019Etat, organisent des stages permis \u00e0 points. Ces organismes sont donc en quelque sorte des sous-traitants de l\u2019\u00c9tat qui les a mandat\u00e9 pour organiser des stages de r\u00e9cup\u00e9ration selon un mod\u00e8le d\u00e9fini et identique pour tous les centres de r\u00e9cup\u00e9ration de points.<\/p>\n<p>&nbsp;<\/p>\n<h2>Les prix d\u2019un stage de r\u00e9cup\u00e9ration de points sont-ils fix\u00e9s par l\u2019\u00c9tat ?<\/h2>\n<p>Eh bien <strong>non<\/strong>, les prix d\u2019un stage permis \u00e0 points sont totalement libres. Chaque organisateur d\u00e9finit lui-m\u00eame le prix de vente d\u2019un stage selon ses propres crit\u00e8res. De ce fait, nous sommes donc sur un march\u00e9 concurrentiel au m\u00eame titre que n\u2019importe quel produit ou service vendu librement en France.<\/p>\n<p>En cons\u00e9quences, le consommateur est donc en mesure de <a title=\"Comparer les prix des stages de r\u00e9cup\u00e9ration de points\" href=\"http:\/\/www.sospermisapoint.fr\" target=\"_blank\"><strong>comparer les prix<\/strong><\/a> d\u2019un stage de r\u00e9cup\u00e9ration pour trouver le <strong>stage le moins cher<\/strong>, sachant que tous les stages de France, quel que soit l\u2019organisme, suivent un programme identique l\u00e9gif\u00e9r\u00e9 par l\u2019agr\u00e9ment pr\u00e9fectoral obtenu par l\u2019organisateur.<\/p>\n<p>Vous avez donc maintenant tous les \u00e9l\u00e9ments pour trouver cotre <strong>stage de r\u00e9cup\u00e9ration pas cher<\/strong>.<\/p>\n<p>&nbsp;<\/p>\n<h2>Pourquoi certains stages sont moins chers\u00a0?<\/h2>\n<p>C\u2019est simple, comme expliqu\u00e9 plus haut, un stage de sensibilisation \u00e0 la s\u00e9curit\u00e9 routi\u00e8re (nom officiel du stage de r\u00e9cup\u00e9ration de points) est donc organis\u00e9 par un ensemble de soci\u00e9t\u00e9s ind\u00e9pendantes ou encore d\u2019associations. Nous avons donc \u00e0 faire au secteur priv\u00e9.<\/p>\n<p>Que ce soit des soci\u00e9t\u00e9s de formation continue, des soci\u00e9t\u00e9s priv\u00e9es sp\u00e9cialis\u00e9es dans l\u2019organisation de stages permis \u00e0 points, des auto-\u00e9coles ou encore des associations chacune d\u2019entre elles a pr\u00e9alablement obtenu de la part d\u2019une commission de la pr\u00e9fecture du lieu de stage o\u00f9 elle exerce, un agr\u00e9ment pr\u00e9fectoral qui comporte un \u00ab\u00a0num\u00e9ro d\u2019agr\u00e9ment\u00a0\u00bb sp\u00e9cifique donc au lieu et \u00e0 l\u2019organisme.<\/p>\n<p>C\u2019est gr\u00e2ce \u00e0 ce num\u00e9ro d\u2019agr\u00e9ment que l\u2019organisme communique \u00e0 la pr\u00e9fecture les \u00e9l\u00e9ments de reconstitution du capital de points de votre permis de conduire au Fichier National des Permis de Conduire (FNPC).<\/p>\n<p>En effet, c\u2019est l\u2019organisme qui prend en charge les d\u00e9marches administratives, apr\u00e8s que vous ayez particip\u00e9 \u00e0 un stage de r\u00e9cup\u00e9ration de points, aupr\u00e8s de la pr\u00e9fecture pour faire ajouter vos points sur votre permis de conduire.<\/p>\n<p>Pour en revenir au programme de stage permis \u00e0 points, il est donc identique pour tous les stages organis\u00e9s en France. Il est r\u00e8glement\u00e9 par le Minist\u00e8re de l\u2019Int\u00e9rieur et contr\u00f4l\u00e9 par les pr\u00e9fectures.<\/p>\n<p>Partant de cet \u00e9tat de chose, tous les organismes sont donc dans l\u2019obligation de suivre le m\u00eame programme l\u00e9gif\u00e9r\u00e9. Mais tous les organismes n\u2019ont pas la m\u00eame structure juridique et les seuils de rentabilit\u00e9 de chaque entreprise varient suivant leur mode de fonctionnement organisationnel.<\/p>\n<p>De ce fait, les prix des stages \u00e9tant libres, chaque organisme va donc fixer son propre prix de vente de stage de r\u00e9cup\u00e9ration de points. C\u2019est pourquoi le consommateur va donc pouvoir trouver le stage de r\u00e9cup\u00e9ration de points le moins cher tout en ayant l\u2019assurance que ce stage lui apportera l\u2019assurance de r\u00e9cup\u00e9rer jusqu\u2019\u00e0 4 points de permis, quel que soit l\u2019organisme organisateur.<\/p>\n<p>&nbsp;<\/p>\n<h2>Pas de diff\u00e9rence entre un stage pas cher et un autre stage\u00a0:<\/h2>\n<p>Comme nous l\u2019avons \u00e9voqu\u00e9, tous les stages suivent un programme identique r\u00e9gi par l\u2019agr\u00e9ment pr\u00e9fectoral obtenu par le centre permis \u00e0 points. Il n\u2019y a donc aucune diff\u00e9rence entre un stage de r\u00e9cup\u00e9ration pas cher et un autre stage.<\/p>\n<p>Les \u00e9l\u00e9ments de l\u2019agr\u00e9ment pr\u00e9fectoral stipulent, entre autre, que\u00a0:<\/p>\n<ul>\n<li>La formation aux risques routiers se d\u00e9roule sur deux jours cons\u00e9cutifs,<\/li>\n<li>Le nombre de candidat d\u2019une session de stage permis \u00e0 points ne doit pas \u00eatre inf\u00e9rieur \u00e0 6 et ne doit pas exc\u00e9der 20 personnes,<\/li>\n<li>L\u2019organisme doit suivre le programme \u00e9tabli,<\/li>\n<li>Le stage permet de r\u00e9cup\u00e9rer au maximum 4 points de permis,<\/li>\n<li>L\u2019organisme se charge des formalit\u00e9s administratives aupr\u00e8s du service des permis de conduire de la pr\u00e9fecture.<\/li>\n<\/ul>\n<p>&nbsp;<\/p>\n<p>Que ce soit dans le cadre d\u2019un <a title=\"Stage volontaire de r\u00e9cup\u00e9ration de points\" href=\"http:\/\/www.sospermisapoint.fr\/permis-a-points\/stage-volontaire-de-recuperation-de-points\/\"><strong>stage de r\u00e9cup\u00e9ration de points volontaire<\/strong><\/a> ou d\u2019un <a title=\"Stage obligatoire et permis probatoire\" href=\"http:\/\/www.sospermisapoint.fr\/permis-a-points\/stage-obligatoire-permis-probatoire\/\"><strong>stage permis \u00e0 points obligatoire<\/strong><\/a> (lettre 48N par exemple) la r\u00e9cup\u00e9ration de points de votre permis de conduire se fera exactement dans les m\u00eames circonstances.<\/p>\n<p>Au terme des deux jours de stage, l\u2019organisme effectue les formalit\u00e9s pour mettre \u00e0 jours votre solde de points aupr\u00e8s de la pr\u00e9fecture.<\/p>\n<p>N\u00e9anmoins, certain <strong>stage de r\u00e9cup\u00e9ration de points low-cost<\/strong> peuvent varier en termes de qualit\u00e9 de prestations annexes, \u00e0 savoir, qualit\u00e9 des locaux (climatisation, chauffage, mobilier adapt\u00e9,\u00a0\u2026), moyens mis en \u0153uvre pour la formation (vid\u00e9o-projeteur, stylo, fascicule, \u2026), qualit\u00e9 d\u2019accueil (caf\u00e9, restaurant \u00e0 proximit\u00e9, viennoiseries, \u2026).<\/p>\n<p>Cela dit, m\u00eame si le stage n\u2019est pas \u00e0 un prix bas, il n\u2019est pas certains que la prestation soit \u00e0 la hauteur du prix dans certains organismes\u00a0!<\/p>\n<p>Inversement, un stage de <strong>r\u00e9cup\u00e9ration de points pas cher<\/strong> peut vous offrir des prestations annexes de tr\u00e8s bonne qualit\u00e9.<\/p>\n<p>&nbsp;<\/p>\n<h2>Pourquoi de tels diff\u00e9rences de prix de stage permis \u00e0 points\u00a0?<\/h2>\n<p>Comme nous l\u2019avons vu, les prix des stages de r\u00e9cup\u00e9ration de points sont libres et d\u00e9finis par chaque organisme.<\/p>\n<p>Souvent, le prix varie en fonction de la r\u00e9gion o\u00f9 se d\u00e9roule le stage. Par exemple, en Ile de France, vous trouverez des prix sensiblement sup\u00e9rieurs \u00e0 l\u2019ensemble des prix des stages. A contrario, dans la r\u00e9gion Provence Alpes C\u00f4te d\u2019Azur vous avez de forte probabilit\u00e9 de trouver un stage permis \u00e0 points \u00e0 un prix d\u00e9fiant toute concurrence.<\/p>\n<p>Nous vous encourageons \u00e0 comparer les prix afin de trouver votre stage de r\u00e9cup\u00e9ration de points le moins cher et le plus proche dans la r\u00e9gion que vous aurez choisi.<\/p>\n<p>Lorsque vous aurez trouv\u00e9 le stage permis \u00e0 points le moins cher, nous vous conseillons d\u2019effectuer votre r\u00e9servation sans attendre. En effet, lorsque le prix du stage est bas, forc\u00e9ment, il sera plus convoit\u00e9.<\/p>\n<p>&nbsp;<\/p>\n<h2>Stage de r\u00e9cup\u00e9ration de points gratuit\u00a0?<\/h2>\n<p>Malheureusement, le <strong>stage de r\u00e9cup\u00e9ration de points gratuit<\/strong> n\u2019existe pas\u00a0!<\/p>\n<p>Pur assister \u00e0 un stage permis \u00e0 points, que ce soit dans une d\u00e9marche volontaire de r\u00e9cup\u00e9ration de points ou dans le cadre d\u2019un stage obligatoire prononc\u00e9 par un juge, le Procureur de la R\u00e9publique ou encore le substitut du Procureur de la R\u00e9publique, vous devrez vous-m\u00eame vous acquitter du prix du stage.<\/p>\n<p>Il existe souvent une confusion entre le <strong>stage permis \u00e0 points gratuit<\/strong> et le fait que dans le cadre d\u2019un de <strong>stage r\u00e9cup\u00e9ration pour permis probatoire<\/strong>, le stagiaire, jeune conducteur, a la possibilit\u00e9 de se faire rembourser l\u2019amende apr\u00e8s avoir participer au stage.<\/p>\n<p>Effectivement, le stagiaire en permis probatoire pourra se faire rembourser l\u2019amende forfaitaire mais en aucun cas le stage permis \u00e0 points sera rembours\u00e9\u00a0!<\/p>\n<p>&nbsp;<\/p>\n<p>&nbsp;<\/p>\n<p>&nbsp;<\/p>\n","protected":false},"excerpt":{"rendered":"<p>Le plus souvent, lorsque l\u2019on recherche un stage permis \u00e0 points, l\u2019intention premi\u00e8re est de trouver un stage de r\u00e9cup\u00e9ration de points pas cher. Internet est effectivement l\u2019outil id\u00e9al pour comparer les prix des diff\u00e9rents prestataires qui organisent des stages de rattrapage de points du permis de conduire. Il faut savoir que les stages de sensibilisation \u00e0 la s\u00e9curit\u00e9 routi\u00e8re &#8230; <\/p>\n<div><a href=\"https:\/\/www.sospermisapoint.fr\/permis-a-points\/stage-recuperation-de-points-pas-cher\/\" class=\"more-link\">Lire la Suite<\/a><\/div>\n","protected":false},"author":3,"featured_media":0,"parent":0,"menu_order":0,"comment_status":"closed","ping_status":"closed","template":"","meta":{"footnotes":""},"class_list":["post-188","page","type-page","status-publish","hentry","no-post-thumbnail"],"aioseo_notices":[],"_links":{"self":[{"href":"https:\/\/www.sospermisapoint.fr\/permis-a-points\/wp-json\/wp\/v2\/pages\/188","targetHints":{"allow":["GET"]}}],"collection":[{"href":"https:\/\/www.sospermisapoint.fr\/permis-a-points\/wp-json\/wp\/v2\/pages"}],"about":[{"href":"https:\/\/www.sospermisapoint.fr\/permis-a-points\/wp-json\/wp\/v2\/types\/page"}],"author":[{"embeddable":true,"href":"https:\/\/www.sospermisapoint.fr\/permis-a-points\/wp-json\/wp\/v2\/users\/3"}],"replies":[{"embeddable":true,"href":"https:\/\/www.sospermisapoint.fr\/permis-a-points\/wp-json\/wp\/v2\/comments?post=188"}],"version-history":[{"count":7,"href":"https:\/\/www.sospermisapoint.fr\/permis-a-points\/wp-json\/wp\/v2\/pages\/188\/revisions"}],"predecessor-version":[{"id":336,"href":"https:\/\/www.sospermisapoint.fr\/permis-a-points\/wp-json\/wp\/v2\/pages\/188\/revisions\/336"}],"wp:attachment":[{"href":"https:\/\/www.sospermisapoint.fr\/permis-a-points\/wp-json\/wp\/v2\/media?parent=188"}],"curies":[{"name":"wp","href":"https:\/\/api.w.org\/{rel}","templated":true}]}}