{"id":261,"date":"2014-08-24T16:02:31","date_gmt":"2014-08-24T15:02:31","guid":{"rendered":"http:\/\/www.sospermisapoint.fr\/permis-a-points\/?page_id=261"},"modified":"2014-08-25T13:11:40","modified_gmt":"2014-08-25T12:11:40","slug":"types-de-stage-permis-a-points","status":"publish","type":"page","link":"https:\/\/www.sospermisapoint.fr\/permis-a-points\/types-de-stage-permis-a-points\/","title":{"rendered":"Diff\u00e9rents types de stage permis \u00e0 points"},"content":{"rendered":"<p>Il existe diff\u00e9rentes circonstances pour lesquelles vous pouvez ou vous devez effectuer un stage permis \u00e0 points. Diff\u00e9rents cas donc se pr\u00e9sentent\u00a0:<\/p>\n<ul>\n<li>R\u00e9cup\u00e9ration de points volontaire,<\/li>\n<li>Stage permis \u00e0 points pour permis probatoire,<\/li>\n<li>Stage de sensibilisation \u00e0 la s\u00e9curit\u00e9 routi\u00e8re dans le cadre de l\u2019alternative \u00e0 la poursuite<\/li>\n<li>Stage de sensibilisation \u00e0 la s\u00e9curit\u00e9 routi\u00e8re dans le cadre de la composition p\u00e9nale<\/li>\n<li>Stage de sensibilisation \u00e0 la s\u00e9curit\u00e9 routi\u00e8re dans le cadre de peine compl\u00e9mentaire<\/li>\n<\/ul>\n<h2>Stage permis \u00e0 points volontaire\u00a0:<\/h2>\n<p>Vous avez d\u00e9cid\u00e9, de fa\u00e7on volontaire, de r\u00e9cup\u00e9rer des points sur votre permis de conduire \u00e0 la suite d\u2019une ou plusieurs infractions au code de la route que vous avez pu commettre et qui ont malheureusement entrain\u00e9es des pertes de points de permis.<\/p>\n<p>Pour effectuer un <a title=\"Stage volontaire de r\u00e9cup\u00e9ration de points\" href=\"http:\/\/www.sospermisapoint.fr\/permis-a-points\/stage-volontaire-de-recuperation-de-points\/\">stage permis \u00e0 points volontaire<\/a>, vous devez pr\u00e9alablement vous assurez\u00a0:<\/p>\n<ul>\n<li>De ne pas avoir participer \u00e0 un stage permis \u00e0 points similaire depuis moins d\u2019un an et un jour<\/li>\n<li>Avoir effectivement perdu des points et vous assurer qu\u2019ils ont \u00e9t\u00e9 retir\u00e9s au Fichier National des Permis de Conduire (FNPC)<\/li>\n<li>Avoir au minimum 1 points sur votre permis de conduire \u00e0 la date du stage permis \u00e0 points<\/li>\n<li>Ne pas \u00eatre sous le coup d\u2019une annulation ou d\u2019une invalidation de permis<\/li>\n<\/ul>\n<p>Le stage volontaire <a title=\"Permis \u00e0 points\" href=\"http:\/\/www.sospermisapoint.fr\/permis-a-points\/permis-a-points\/\">permis \u00e0 points<\/a> vous permet de r\u00e9cup\u00e9rer 4 points sur votre permis de conduire.<\/p>\n<p>Vous pouvez effectuer un stage permis \u00e0 points une fois par an, dans la r\u00e9gion ou le d\u00e9partement de votre choix qui n\u2019est pas forc\u00e9ment li\u00e9 \u00e0 la commune ou au d\u00e9partement de votre lieu de r\u00e9sidence.<\/p>\n<p>Concernant le contr\u00f4le du <a title=\"Relev\u00e9 d\u2019information int\u00e9gral de votre permis de conduire\" href=\"http:\/\/www.sospermisapoint.fr\/permis-a-points\/releve-dinformation-integral-de-votre-permis-de-conduire\/\">nombre de points de permis<\/a> que vous poss\u00e9dez au moment de l\u2019entr\u00e9 en stage permis \u00e0 points, il vous appartient de v\u00e9rifier, personnellement, que les points ont bien \u00e9t\u00e9 retir\u00e9s au Fichier Nationale des Permis de Conduire (F.N.P.C.). En effet, le d\u00e9lai de traitement des points retir\u00e9s au Fichier National des Permis de Conduire peut prendre plusieurs semaines, voire plusieurs mois et les points de vos derni\u00e8res infractions n\u2019ont peut-\u00eatre pas encore \u00e9t\u00e9 trait\u00e9s et retir\u00e9s officiellement.<\/p>\n<p>L\u2019information concernant votre nombre de points restant sur votre permis de conduire est strictement confidentielle. Seul le d\u00e9tenteur du permis de conduire peut obtenir cette information aupr\u00e8s de la pr\u00e9fecture de son domicile ou sur Internet gr\u00e2ce au service <a title=\"T\u00e9l\u00e9points\" href=\"http:\/\/www.telepoints-fr.com\" target=\"_blank\">T\u00e9l\u00e9points<\/a>.<\/p>\n<p>&nbsp;<\/p>\n<h2>Permis Probatoire<\/h2>\n<p>Le permis probatoire est, comme son nom l\u2019indique une permis qui poss\u00e8de une p\u00e9riode probatoire avant d\u2019arriver au solde final de 12 points comme tous les autres permis de conduire. La p\u00e9riode probatoire est de 3 ans pour les conducteurs ayant suivi une formation \u00e0 l\u2019apprentissage de la conduite normale ou de 2 ans pour ceux qui ont suivi une formation en conduite accompagn\u00e9e.<\/p>\n<p>Durant cette p\u00e9riode probatoire, tous les conducteurs se voient attribuer 6 points sur leur permis de conduire la premi\u00e8re ann\u00e9e. Les ann\u00e9es suivantes, le conducteur ayant suivi un apprentissage de la conduite normal se verra attribuer 2 points suppl\u00e9mentaires par an alors que celui ayant suivi l\u2019apprentissage de la conduite en conduite accompagn\u00e9e se verra, lui attribuer 3 points suppl\u00e9mentaires par an. Tous conducteurs aura un permis d\u00e9finitif lorsqu\u2019il aura atteint les 12 points sur son permis de conduire.<\/p>\n<p>N\u00e9anmoins, m\u00eame un conducteur en permis probatoire est susceptible de perdre des points de permis \u00e0 la suite d\u2019une infraction au code de la route. Dans ce cas, plusieurs alternatives se pr\u00e9sentent\u00a0:<\/p>\n<p>Le jeune conducteur a perdu moins de trois points sur son permis de conduire et dans ce cas il peut effectuer, de sa propre initiative, un stage permis \u00e0 points volontaire afin de r\u00e9cup\u00e9rer ses points de permis perdus.<\/p>\n<p>Le jeune conducteur a perdu plus de 3 moins et moins de points que son capital initial (sans quoi son permis sera invalid\u00e9). Dans ce cas, le conducteur re\u00e7oit une lettre 48N provenant du Minist\u00e8re de l\u2019Int\u00e9rieur, en recommand\u00e9e, lui stipulant sa perte de points et l\u2019obligeant \u00e0 effectuer un stage permis \u00e0 points dans les 4 mois \u00e0 r\u00e9ception du <a title=\"Lettre 48N\" href=\"http:\/\/www.sospermisapoint.fr\/permis-a-points\/lettre-48n\/\">courrier 48N<\/a>. Dans ce cas, il s\u2019agit d\u2019un stage permis \u00e0 points obligatoire qui donne droit \u00e0 la r\u00e9cup\u00e9ration de points (<em>4 points maximum dans la limite du capital initial du permis du conducteur<\/em>) et au terme du stage permis \u00e0 points, le jeune conducteur pourra dans les 15 jours apr\u00e8s le stage, pr\u00e9tendre au remboursement de l\u2019amende forfaitaire aupr\u00e8s du Tr\u00e9sor Public.<\/p>\n<p>&nbsp;<\/p>\n<h2>Alternative \u00e0 la poursuite<\/h2>\n<p>Le Procureur de la R\u00e9publique peut, lorsque l\u2019usager \u00e0 commis une infraction au code de la route, proposer au conducteur le classement sans suite de son dossier d\u2019infraction. En contrepartie, le contrevenant devra effectuer un <a title=\"Stage de sensibilisation \u00e0 la s\u00e9curit\u00e9 routi\u00e8re\" href=\"http:\/\/www.sospermisapoint.fr\" target=\"_blank\">stage de sensibilisation \u00e0 la s\u00e9curit\u00e9 routi\u00e8re<\/a>.<\/p>\n<p>En classant le dossier \u00ab\u00a0sans suite\u00a0\u00bb, le Procureur de la R\u00e9publique, contre la pr\u00e9sence de l\u2019usager \u00e0 un stage permis \u00e0 points, abandonne non seulement les poursuites inh\u00e9rentes \u00e0 l\u2019infraction du contrevenant mais aussi, il abandonne le retrait de points du permis et \u00e9ventuellement le retrait de permis de l\u2019usager.<\/p>\n<p>Par contre, le stage de sensibilisation dans le cadre de l\u2019alternative \u00e0 la poursuite ne permet de r\u00e9cup\u00e9rer des points de permis de conduire.<\/p>\n<p>&nbsp;<\/p>\n<h2>Composition p\u00e9nale<\/h2>\n<p>C\u2019est le d\u00e9l\u00e9gu\u00e9 du Procureur de la r\u00e9publique qui contraint le contrevenant \u00e0 effectuer un stage de sensibilisation \u00e0 la s\u00e9curit\u00e9 routi\u00e8re. Dans ce cadre, nous sommes sur le stage composition p\u00e9nale et celui-ci ne donne pas droit au <a title=\"Rattrapage de points\" href=\"http:\/\/www.sospermisapoint.fr\" target=\"_blank\">rattrapage de points<\/a> sur le permis de conduire.<\/p>\n<p>&nbsp;<\/p>\n<h2>Peine compl\u00e9mentaire<\/h2>\n<p>Lorsque le conducteur a commis une infraction grave au code de la route, c\u2019est le juge d\u2019application des peines ou la juridiction de condamnation qui oblige le contrevenant \u00e0 effectuer un stage permis. Le conducteur aura 6 mois \u00e0 compter de l\u2019enregistrement de la condamnation pour effectuer, \u00e0 ses frais, le stage de sensibilisation. Mais, attention, ce stage ne lui donnera pas droit au rattrapage de points sur le permis de conduire.<\/p>\n","protected":false},"excerpt":{"rendered":"<p>Il existe diff\u00e9rentes circonstances pour lesquelles vous pouvez ou vous devez effectuer un stage permis \u00e0 points. Diff\u00e9rents cas donc se pr\u00e9sentent\u00a0: R\u00e9cup\u00e9ration de points volontaire, Stage permis \u00e0 points pour permis probatoire, Stage de sensibilisation \u00e0 la s\u00e9curit\u00e9 routi\u00e8re dans le cadre de l\u2019alternative \u00e0 la poursuite Stage de sensibilisation \u00e0 la s\u00e9curit\u00e9 routi\u00e8re dans le cadre de la &#8230; <\/p>\n<div><a href=\"https:\/\/www.sospermisapoint.fr\/permis-a-points\/types-de-stage-permis-a-points\/\" class=\"more-link\">Lire la Suite<\/a><\/div>\n","protected":false},"author":3,"featured_media":0,"parent":0,"menu_order":0,"comment_status":"closed","ping_status":"closed","template":"","meta":{"footnotes":""},"class_list":["post-261","page","type-page","status-publish","hentry","no-post-thumbnail"],"aioseo_notices":[],"_links":{"self":[{"href":"https:\/\/www.sospermisapoint.fr\/permis-a-points\/wp-json\/wp\/v2\/pages\/261","targetHints":{"allow":["GET"]}}],"collection":[{"href":"https:\/\/www.sospermisapoint.fr\/permis-a-points\/wp-json\/wp\/v2\/pages"}],"about":[{"href":"https:\/\/www.sospermisapoint.fr\/permis-a-points\/wp-json\/wp\/v2\/types\/page"}],"author":[{"embeddable":true,"href":"https:\/\/www.sospermisapoint.fr\/permis-a-points\/wp-json\/wp\/v2\/users\/3"}],"replies":[{"embeddable":true,"href":"https:\/\/www.sospermisapoint.fr\/permis-a-points\/wp-json\/wp\/v2\/comments?post=261"}],"version-history":[{"count":7,"href":"https:\/\/www.sospermisapoint.fr\/permis-a-points\/wp-json\/wp\/v2\/pages\/261\/revisions"}],"predecessor-version":[{"id":293,"href":"https:\/\/www.sospermisapoint.fr\/permis-a-points\/wp-json\/wp\/v2\/pages\/261\/revisions\/293"}],"wp:attachment":[{"href":"https:\/\/www.sospermisapoint.fr\/permis-a-points\/wp-json\/wp\/v2\/media?parent=261"}],"curies":[{"name":"wp","href":"https:\/\/api.w.org\/{rel}","templated":true}]}}