{"id":274,"date":"2014-08-25T08:15:18","date_gmt":"2014-08-25T07:15:18","guid":{"rendered":"http:\/\/www.sospermisapoint.fr\/permis-a-points\/?page_id=274"},"modified":"2014-08-25T08:17:05","modified_gmt":"2014-08-25T07:17:05","slug":"lettre-48n","status":"publish","type":"page","link":"https:\/\/www.sospermisapoint.fr\/permis-a-points\/lettre-48n\/","title":{"rendered":"Lettre 48N"},"content":{"rendered":"<h2>La perte de points de permis du permis probatoire entra\u00eene la lettre 48N<\/h2>\n<p>Lorsque qu\u2019un conducteur d\u00e9tenteur d\u2019un permis de conduire en p\u00e9riode probatoire, c\u2019est-\u00e0-dire qu\u2019il n\u2019a pas encore atteint le nombre d\u2019ann\u00e9es de permis suffisantes pour atteindre le capital maximum de 12 points de permis de conduire, et qu\u2019il commet une infraction au code de la route, il re\u00e7oit une lettre 48N. Mais attention, l\u2019envoi de la lettre 48N n\u2019intervient que lorsque le conducteur en permis probatoire a commis une infraction entra\u00eenant la perte d\u2019un minimum de 3 points et plus.<\/p>\n<h2>Que dit la lettre 48N\u00a0?<\/h2>\n<p>Le Minist\u00e8re de l\u2019Int\u00e9rieur envoi donc au contrevenant en p\u00e9riode probatoire du permis de conduire un courrier stipulant qu\u2019il a subi une perte de points sup\u00e9rieure \u00e0 3 points dues \u00e0 des infractions. Elle stipule que ce conducteur doit imp\u00e9rativement suive un stage de sensibilisation \u00e0 la s\u00e9curit\u00e9 routi\u00e8re dans les 4 mois \u00e0 compter de la date de r\u00e9ception de cette lettre 48N envoy\u00e9 en recommand\u00e9 avec AR. Le jeune conducteur est donc contrait de r\u00e9cup\u00e9rer des points sur son permis de conduire.<\/p>\n<h2>Les d\u00e9lais impos\u00e9s par la lettre 48N<\/h2>\n<p>La lettre 48N stipule diff\u00e9rents \u00e9l\u00e9ments, \u00e0 savoir :<\/p>\n<ul>\n<li>Le type d\u2019infraction au code de la route commise,<\/li>\n<li>Les dates, lieu et heure d\u2019infraction(s) commise(s)<\/li>\n<li>Le nombre de points retir\u00e9s sur le permis de conduire<\/li>\n<\/ul>\n<p>En outre elle impose au conducteur titulaire du permis en p\u00e9riode probatoire de suivre un stage permis \u00e0 points dans le 4 mois \u00e0 compter de la date de r\u00e9ception de cette lettre 48N. La date de r\u00e9ception \u00e9tant la date \u00e0 laquelle le conducteur aura sign\u00e9 l\u2019accus\u00e9 r\u00e9ception du courrier recommand\u00e9 du Minist\u00e8re de l\u2019Int\u00e9rieur.<\/p>\n<p>Si le conducteur d\u00e9passe le d\u00e9lai de 4 mois imparti pour effectuer le stage de sensibilisation \u00e0 la s\u00e9curit\u00e9 routi\u00e8re impos\u00e9 par la lettre 48N, il encourt une amende de 135\u20ac (<em>amende de 4<sup>\u00e8me<\/sup> cat\u00e9gorie<\/em>) assortie de poursuites judiciaires qui pourront aller jusqu\u2019\u00e0 la suspension de permis. Dans ce cas, le jeune conducteur est g\u00e9n\u00e9ralement convoqu\u00e9 au commissariat de police ou \u00e0 la gendarmerie o\u00f9 il devra justifier de son retard.<\/p>\n<p>De plus, lorsque le d\u00e9lai de 4 mois est d\u00e9pass\u00e9 lorsque le conducteur effectue un stage permis \u00e0 points, l\u2019usager ne pourra pus pr\u00e9tendre au remboursement de l\u2019amende forfaitaire aupr\u00e8s du Tr\u00e9sor Public.<\/p>\n<p>Il convient donc, pour le jeune conducteur de r\u00e9server rapidement un stage dans un centre agr\u00e9\u00e9 permis \u00e0 points afin d\u2019effectuer son stage de r\u00e9cup\u00e9ration de points dans le d\u00e9lai imparti afin d\u2019\u00e9viter toute poursuite.<\/p>\n<p>Le d\u00e9lai entre la date d\u2019infraction et l\u2019envoi de la lettre 48N est tr\u00e8s variable. Il peut aller de plus semaines \u00e0 plusieurs mois en fonction de la fluidit\u00e9 du traitement des infractions et de l\u2019engorgement des services de la pr\u00e9fecture. Ne faites rien avant d\u2019avoir re\u00e7u votre lettre 48N.<\/p>\n<p>En effet si vous d\u00e9cidez, de fa\u00e7on volontaire, d\u2019effectuer un stage avant d\u2019avoir r\u00e9ceptionner la lettre 48N, vous serez contraint de suivre \u00e0 nouveau un stage de sensibilisation \u00e0 la s\u00e9curit\u00e9 routi\u00e8re, \u00e0 vos frais, lorsque vous recevrez ce courrier.<\/p>\n<p>Enfin lorsque vous ferez le stage de sensibilisation \u00e0 la s\u00e9curit\u00e9 routi\u00e8re impos\u00e9e par le Minist\u00e8re de l\u2019Int\u00e9rieur, vous devrez imp\u00e9rativement fournir une copie resto-verso de la lettre 48N lors de votre entr\u00e9e en stage. Sans ce document, le contre permis \u00e0 points ne pourra pas vous admettre en session de stage permis \u00e0 points.<\/p>\n<p>Si vous avez \u00e9gar\u00e9 votre lettre 48N, rendez-vous \u00e0 la pr\u00e9fecture de votre domicile pour en demander un duplicata ou munissez-vous d\u2019un relev\u00e9 int\u00e9gral de points de permis que vous pouvez obtenir \u00e9galement aupr\u00e8s de la pr\u00e9fecture ou sur Internet avec T\u00e9l\u00e9points.<\/p>\n<p>M\u00eame si le programme de stage est identique quel que soit le type de stage, il convient au conducteur de choisir le cas sp\u00e9cifique pour lequel il effectue le stage de sensibilisation.<\/p>\n<p>Enfin, le stage de r\u00e9cup\u00e9ration de points dans le cadre du permis probatoire vous permet de r\u00e9cup\u00e9rer jusqu\u2019\u00e0 4 points sur votre permis de conduire sans pour autant d\u00e9passer le capital initial de votre permis.<\/p>\n<p>Si vous \u00e9prouvez la moindre difficult\u00e9 \u00e0 pr\u00e9parer votre dossier d\u2019inscription \u00e0 un stage de sensibilisation \u00e0 la s\u00e9curit\u00e9 routi\u00e8re, n\u2019h\u00e9sitez pas \u00e0 contacter l\u2019un de nos conseillers permis \u00e0 points qui vous accompagnera dans vos d\u00e9marches.<\/p>\n<p>&nbsp;<\/p>\n<h2>Remboursement de l\u2019amende forfaitaire<\/h2>\n<p>Lorsque vous effectuer, dans le d\u00e9lai imparti, le stage de sensibilisation \u00e0 la s\u00e9curit\u00e9 routi\u00e8re impos\u00e9 par l\u2019Etat, vous avez la possibilit\u00e9 de vous faire rembourser l\u2019amende forfaitaire. Attention, le co\u00fbt du stage permis \u00e0 points reste \u00e0 votre charge.<\/p>\n<ul>\n<li>Vous pourrez pr\u00e9tendre au remboursement de l\u2019amende forfaitaire uniquement si\u00a0:<\/li>\n<li>Vous avez respect\u00e9 le d\u00e9lai de 4 mois impartis pour effectuer le stage permis \u00e0 points<\/li>\n<li>Vous \u00eates en possession de votre lettre 48N<\/li>\n<\/ul>\n<p>En outre, seule le montant de l\u2019amende forfaitaire pourra \u00eatre rembours\u00e9, si vous avez d\u00e9pass\u00e9 le d\u00e9lai de paiement de l\u2019amende et que vous avez \u00e9t\u00e9 assujetti au paiement de l\u2019amende forfaitaire major\u00e9e, seule le montant de l\u2019amende forfaire de base sera rembours\u00e9e. Le surco\u00fbt de la majoration reste \u00e0 votre charge.<\/p>\n<p>La demande de remboursement de l\u2019amende forfaitaire ne pourra se faire qu\u2019apr\u00e8s avoir, bien entendu, effectuer le stage de sensibilisation obligatoire.<\/p>\n<p>Pour cela, le centre permis \u00e0 points vous remettra, \u00e0 la fin du stage, d\u2019une part une attestation de suivi de stage permis \u00e0 points mais aussi tous les documents administratifs vous permettant d\u2019effectuer la demande de remboursement de l\u2019amende forfaitaire.<\/p>\n<p>Vous aurez 15 jours \u00e0 compter de la date du stage pour effectuer les formalit\u00e9s de demande de remboursement de l\u2019amende forfaitaire aupr\u00e8s du Tr\u00e9sor Public. Pour effectuer cette demande vous devrez produire\u00a0:<\/p>\n<ul>\n<li>Une copie recto-verso de votre lettre 48N<\/li>\n<li>Une copie de l\u2019attestation de suivi de stage de sensibilisation \u00e0 la s\u00e9curit\u00e9 routi\u00e8re<\/li>\n<li>Une copie de l\u2019amende forfaitaire ou \u00e9ventuellement major\u00e9e<\/li>\n<li>Une copie de la preuve de paiement de l\u2019amende<\/li>\n<li>Un relev\u00e9 d\u2019identit\u00e9 bancaire<\/li>\n<li>Le formulaire de demande de remboursement dument compl\u00e9t\u00e9, celui-ci vous a \u00e9t\u00e9 remis par le centre permis \u00e0 points \u00e0 la fin du stage.<\/li>\n<\/ul>\n<p>&nbsp;<\/p>\n<h2>Le stage de sensibilisation \u00e0 la s\u00e9curit\u00e9 routi\u00e8re pour permis probatoire<\/h2>\n<p>Le stage de sensibilisation \u00e0 la s\u00e9curit\u00e9 routi\u00e8re dans le cadre du permis en p\u00e9riode probatoire suit le m\u00eame programme de stage que tous les autres stages permis \u00e0 points. Il se d\u00e9roule sur deux jours cons\u00e9cutifs dont chacun comporte 7 heures de formation, soit une session de stage de 14 heures au total.<\/p>\n<p>Ce stage de r\u00e9cup\u00e9ration de points est donc anim\u00e9 par deux animateurs permis \u00e0 points sp\u00e9cialis\u00e9s dans la s\u00e9curit\u00e9 routi\u00e8re. L\u2019un \u00e9tant titulaire du Brevet d\u2019Aptitude \u00e0 la Formation de Moniteurs (BAFM) et l\u2019autre psychologue dipl\u00f4m\u00e9.<\/p>\n<p>Ce stage permis de conduire suit un programme identique, quel que soit le type de stage permis \u00e0 points. Ce programme de stage est l\u00e9gif\u00e9r\u00e9 par l\u2019agr\u00e9ment pr\u00e9fectoral obtenu par le centre permis \u00e0 points lui permettant d\u2019organiser des stages de r\u00e9cup\u00e9ration dans le d\u00e9partement o\u00f9 il exerce.<\/p>\n<p>Comme son nom l\u2019indique, le stage de sensibilisation \u00e0 la s\u00e9curit\u00e9 a pour objectif de sensibiliser ses participants aux risques routiers et de faire changer leur comportement au volant pour adopter une conduite responsable et plus sure.<\/p>\n<h2>La lettre 48N<\/h2>\n<p><a href=\"http:\/\/www.sospermisapoint.fr\/permis-a-points\/wp-content\/uploads\/2014\/08\/lettre-48N.jpg\"><img loading=\"lazy\" decoding=\"async\" class=\"alignnone wp-image-275 size-full\" src=\"http:\/\/www.sospermisapoint.fr\/permis-a-points\/wp-content\/uploads\/2014\/08\/lettre-48N.jpg\" alt=\"Lettre 48N permis probatoire\" width=\"700\" height=\"768\" srcset=\"https:\/\/www.sospermisapoint.fr\/permis-a-points\/wp-content\/uploads\/2014\/08\/lettre-48N.jpg 700w, https:\/\/www.sospermisapoint.fr\/permis-a-points\/wp-content\/uploads\/2014\/08\/lettre-48N-273x300.jpg 273w, https:\/\/www.sospermisapoint.fr\/permis-a-points\/wp-content\/uploads\/2014\/08\/lettre-48N-100x109.jpg 100w\" sizes=\"auto, (max-width: 700px) 100vw, 700px\" \/><\/a><\/p>\n<p>Pour consulter les textes l\u00e9gaux de l\u2019Article R223-4\u00a0: <a title=\"Article R223-4\" href=\"http:\/\/legifrance.gouv.fr\/affichCodeArticle.do?cidTexte=LEGITEXT000006074228&amp;idArticle=LEGIARTI000006841418&amp;dateTexte=&amp;categorieLien=cid\" target=\"_blank\">cliquez ici<\/a><\/p>\n","protected":false},"excerpt":{"rendered":"<p>La perte de points de permis du permis probatoire entra\u00eene la lettre 48N Lorsque qu\u2019un conducteur d\u00e9tenteur d\u2019un permis de conduire en p\u00e9riode probatoire, c\u2019est-\u00e0-dire qu\u2019il n\u2019a pas encore atteint le nombre d\u2019ann\u00e9es de permis suffisantes pour atteindre le capital maximum de 12 points de permis de conduire, et qu\u2019il commet une infraction au code de la route, il re\u00e7oit &#8230; <\/p>\n<div><a href=\"https:\/\/www.sospermisapoint.fr\/permis-a-points\/lettre-48n\/\" class=\"more-link\">Lire la Suite<\/a><\/div>\n","protected":false},"author":3,"featured_media":0,"parent":0,"menu_order":0,"comment_status":"closed","ping_status":"closed","template":"","meta":{"footnotes":""},"class_list":["post-274","page","type-page","status-publish","hentry","no-post-thumbnail"],"aioseo_notices":[],"_links":{"self":[{"href":"https:\/\/www.sospermisapoint.fr\/permis-a-points\/wp-json\/wp\/v2\/pages\/274","targetHints":{"allow":["GET"]}}],"collection":[{"href":"https:\/\/www.sospermisapoint.fr\/permis-a-points\/wp-json\/wp\/v2\/pages"}],"about":[{"href":"https:\/\/www.sospermisapoint.fr\/permis-a-points\/wp-json\/wp\/v2\/types\/page"}],"author":[{"embeddable":true,"href":"https:\/\/www.sospermisapoint.fr\/permis-a-points\/wp-json\/wp\/v2\/users\/3"}],"replies":[{"embeddable":true,"href":"https:\/\/www.sospermisapoint.fr\/permis-a-points\/wp-json\/wp\/v2\/comments?post=274"}],"version-history":[{"count":2,"href":"https:\/\/www.sospermisapoint.fr\/permis-a-points\/wp-json\/wp\/v2\/pages\/274\/revisions"}],"predecessor-version":[{"id":298,"href":"https:\/\/www.sospermisapoint.fr\/permis-a-points\/wp-json\/wp\/v2\/pages\/274\/revisions\/298"}],"wp:attachment":[{"href":"https:\/\/www.sospermisapoint.fr\/permis-a-points\/wp-json\/wp\/v2\/media?parent=274"}],"curies":[{"name":"wp","href":"https:\/\/api.w.org\/{rel}","templated":true}]}}